001285 a prime number?
False
Is 545483 prime?
True
Is 190507 prime?
True
Is 77627 a composite number?
True
Is 281779 composite?
True
Is 260761 composite?
False
Is 9687 a composite number?
True
Is 2189249 prime?
True
Is 26627 a prime number?
True
Is 13159 composite?
False
Is 14143 prime?
True
Is 54251 composite?
False
Is 92517 a composite number?
True
Is 7061 composite?
True
Is 4061 composite?
True
Is 1683842 composite?
True
Is 721 prime?
False
Is 1837 prime?
False
Is 11114 composite?
True
Is 72389 prime?
False
Is 203045 prime?
False
Is 6769 composite?
True
Is 116393 composite?
True
Is 107923 composite?
False
Is 489 a prime number?
False
Is 2450479 prime?
False
Is 5531 a prime number?
True
Is 834131 a prime number?
True
Is 1197697 composite?
False
Is 261895 composite?
True
Is 611283 composite?
True
Is 392321 a prime number?
True
Is 152261 a composite number?
True
Is 302759 composite?
False
Is 54869 composite?
False
Is 32107 prime?
False
Is 85205 a prime number?
False
Is 15905 composite?
True
Is 188927 composite?
False
Is 196379 a prime number?
True
Is 301 a composite number?
True
Is 256169 prime?
True
Is 22497 composite?
True
Is 136237 prime?
True
Is 9619 a prime number?
True
Is 408163 a prime number?
False
Is 14051 a prime number?
True
Is 99563 prime?
True
Is 4691 prime?
True
Is 1860491 prime?
False
Is 251 a composite number?
False
Is 82741 a composite number?
True
Is 470719 composite?
False
Is 1661 a prime number?
False
Is 1467587 a composite number?
True
Is 56537 a prime number?
False
Is 25341 composite?
True
Is 29005 prime?
False
Is 628943 prime?
False
Is 44053 a composite number?
False
Is 8663 a prime number?
True
Is 1081 prime?
False
Is 106987 a composite number?
True
Is 1277065 a composite number?
True
Is 3893 composite?
True
Is 9599 a prime number?
False
Is 7247 prime?
True
Is 87991 a prime number?
True
Is 2047 prime?
False
Is 68977 prime?
False
Is 201363 a composite number?
True
Is 1036561 a prime number?
True
Is 72955 prime?
False
Is 919603 a composite number?
True
Is 100733 a composite number?
False
Is 605797 prime?
False
Is 637898 a prime number?
False
Is 685483 prime?
False
Is 20157 prime?
False
Is 408923 composite?
False
Is 48803 composite?
True
Is 13894 prime?
False
Is 522317 prime?
True
Is 520543 prime?
False
Is 455899 a composite number?
False
Is 24281 a composite number?
False
Is 33997 composite?
False
Is 302711 a prime number?
True
Is 96731 prime?
True
Is 241609 a prime number?
False
Is 53695 a prime number?
False
Is 6007 composite?
False
Is 673 composite?
False
Is 68507 composite?
False
Is 3491 composite?
False
Is 11819 prime?
False
Is 24121 a prime number?
True
Is 12611 composite?
False
Is 148427 a prime number?
False
Is 64487 prime?
False
Is 129383 prime?
False
Is 3457 composite?
False
Is 563326 composite?
True
Is 2882323 a prime number?
True
Is 126097 composite?
False
Is 588119 a composite number?
True
Is 2417971 composite?
False
Is 6401 prime?
False
Is 2525609 a composite number?
True
Is 66109 composite?
False
Is 23269 a composite number?
False
Is 118753 composite?
True
Is 208609 a prime number?
True
Is 12509 composite?
True
Is 296843 composite?
False
Is 837359 a composite number?
False
Is 8609 prime?
True
Is 130283 composite?
True
Is 6953 composite?
True
Is 1282417 a composite number?
False
Is 159539 prime?
True
Is 965329 composite?
False
Is 695883 a prime number?
False
Is 1995061 composite?
False
Is 53987 composite?
False
Is 11411 a composite number?
False
Is 23917 a composite number?
False
Is 269879 a prime number?
True
Is 95339 a prime number?
True
Is 8651 a prime number?
False
Is 20759 composite?
False
Is 62833 composite?
True
Is 2942 composite?
True
Is 462671 a composite number?
True
Is 120977 prime?
True
Is 1727 a prime number?
False
Is 57703 a prime number?
False
Is 379201 composite?
True
Is 3596287 a prime number?
True
Is 9127 a prime number?
True
Is 906229 composite?
False
Is 2652247 composite?
True
Is 69527 prime?
False
Is 10831 composite?
False
Is 9961 a prime number?
False
Is 2851519 composite?
True
Is 20506 a composite number?
True
Is 1387987 prime?
True
Is 76863 a composite number?
True
Is 43379 a prime number?
False
Is 18455 prime?
False
Is 13829 composite?
False
Is 159261 prime?
False
Is 312085 a prime number?
False
Is 142897 composite?
False
Is 223 prime?
True
Is 23789 a prime number?
True
Is 11273 composite?
False
Is 4406381 composite?
True
Is 6197 a prime number?
True
Is 120229 prime?
False
Is 17651 prime?
False
Is 2524799 composite?
False
Is 1879211 a composite number?
False
Is 158803 composite?
False
Is 4607 composite?
True
Is 324367 prime?
False
Is 52763 prime?
False
Is 96253 composite?
True
Is 1574 composite?
True
Is 1920101 a prime number?
True
Is 121039 a composite number?
False
Is 2797 composite?
False
Is 5485 a prime number?
False
Is 8513 composite?
False
Is 98099 a prime number?
False
Is 8287 a prime number?
True
Is 29521 prime?
False
Is 2351 composite?
False
Is 3635733 composite?
True
Is 17273 a composite number?
True
Is 677 prime?
True
Is 351449 prime?
False
Is 28889 composite?
True
Is 517061 a composite number?
False
Is 21001 a prime number?
True
Is 516407 a composite number?
False
Is 1185095 a prime number?
False
Is 708343 composite?
False
Is 29123 a composite number?
False
Is 5627 prime?
False
Is 4121987 a composite number?
False
Is 5737 prime?
True
Is 906947 composite?
True
Is 17851 a prime number?
True
Is 77606 a prime number?
False
Is 39607 prime?
True
Is 504299 a prime number?
True
Is 194885 composite?
True
Is 72421 a prime number?
True
Is 628861 a composite number?
False
Is 2598565 prime?
False
Is 659647 prime?
False
Is 437 composite?
True
Is 48017 a prime number?
True
Is 5737 composite?
False
Is 769 composite?
False
Is 83717 composite?
False
Is 14281 prime?
True
Is 862 a prime number?
False
Is 7753 a composite number?
False
Is 19013 a composite number?
False
Is 17897 prime?
False
Is 561653 composite?
True
Is 11467 a prime number?
True
Is 45349 a composite number?
True
Is 11014 prime?
False
Is 122963 a composite number?
False
Is 56299 composite?
False
Is 608819 a prime number?
True
Is 500567 composite?
False
Is 437321 a prime number?
True
Is 211 a prime number?
True
Is 202547 composite?
True
Is 196205 a prime number?
False
Is 322147 a prime number?
False
Is 265451 composite?
False
Is 13341 a prime number?
False
Is 55049 a composite number?
False
Is 37461 a prime number?
False
Is 3901787 prime?
True
Is 10667 a composite number?
False
Is 14653 a prime number?
True
Is 70373 composite?
False
Is 165598 a composite number?
True
Is 22611 composite?
True
Is 47191 a prime number?
False
Is 1272133 composite?
False
Is 280219 a prime number?
True
Is 48835 a composite number?
True
Is 100913 prime?
True
Is 312157 prime?
False
Is 54829 composite?
False
Is 803071 a composite number?
True
Is 2434963 a composite number?
False
Is 96521 composite?
True
Is 3421 prime?
False
Is 569111 prime?
True
Is 3401 prime?
False
Is 715613 a composite number?
False
Is 4939 composite?
True
Is 188753 prime?
True
Is 3967 a composite number?
False
Is 63033 composite?
True
Is 13259 composite?
False
Is 226445 prime?
False
Is 93047 a prime number?
True
Is 2953 prime?
True
Is 263041 composite?
True
Is 58777 prime?
False
Is 2335 a composite number?
True
Is 3989 composite?
False
Is 3119 a composite number?
False
Is 13369 a prime number?
False
Is 149263 composite?
True
Is 296447 composite?
True
Is 1581607 prime?
True
Is 88649 a prime number?
False
Is 7114 a prime number?
False
Is 15127 a prime number?
False
Is 97319 a composite number?
True
Is 324107 prime?
False
Is 128021 a composite number?
False
Is 529777 composite?
True
Is 27397 a prime number?
True
Is 460205 prime?
False
Is 83089 composite?
False
Is 138679 prime?
True
Is 1405333 prime?
True
Is 1788847 composite?
False
Is 2927 a prime number?
True
Is 25537 a prime number?
True
Is 33103 a composite number?
True
Is 32159 composite?
False
Is 78158 composite?
True
Is 84629 composite?
False
Is 4507 a prime number?
True
Is 13577 prime?
True
Is 402847 prime?
True
Is 55949 a prime number?
True
Is 23299 a prime number?
False
Is 40031 a composite number?
False
Is 2281 prime?
True
Is 365747 prime?
True
Is 502729 a prime number?
True
Is 3943 a prime number?
True
Is 2539 a composit